0*(-1 - -6). Suppose 12*t + a = 15*t. What are the prime factors of t?
3
Suppose u - t - 22 = 0, 0*u - 2*u = 5*t - 23. Let l = -8 + u. What are the prime factors of l?
11
Let w = -4 + 8. Suppose m - 25 = -2*q, w*m = 5*m - 5*q + 10. What are the prime factors of m?
3, 5
Let l = -23 + 24. What are the prime factors of 3 + (-180)/(-4) + l?
7
Let o be (-2)/((-3)/(-15)*-2). Suppose -3 = -4*u + 5. Suppose -o*c = -u*c - 27. What are the prime factors of c?
3
Let u(r) = -r**3 + 6*r**2 - 6*r - 7. Let n be u(5). List the prime factors of 4/n - (-37)/3.
2, 3
Suppose 3*t - 224 - 97 = 0. List the prime factors of t.
107
Suppose 12 = -3*a - 27. Let k = a - -9. Let s = 6 + k. What are the prime factors of s?
2
What are the prime factors of (-410)/(-2) - 2/2?
2, 3, 17
Let a = -5 + 40. What are the prime factors of a?
5, 7
Let s(i) = i. Let f be s(4). Suppose f - 31 = -3*o. What are the prime factors of o?
3
Let v = 12 + -8. Suppose 3*b = -v + 52. List the prime factors of b.
2
Suppose -363 = -6*p + 261. Suppose -3*a = -7*a + p. What are the prime factors of a?
2, 13
Let k = 19 + -13. Suppose k*o + 3*x = 2*o + 35, -17 = -2*o - x. What are the prime factors of o?
2
Let z(s) = s**3 + s**2. Let h(g) = 3*g**3 + 6*g**2 + 5*g + 4. Let c(p) = -h(p) + 2*z(p). What are the prime factors of c(-4)?
2
Let d = -8 - -12. Let l = 4 - d. What are the prime factors of 12 + l/(2/1)?
2, 3
Let q(m) = -m**3 - 4*m**2 + 5*m - 4. Let o be q(-5). What are the prime factors of (-5)/o*(3 + 1)?
5
Suppose 0 = -2*l - 3*l + 80. Suppose -1 = 5*p - l. Suppose -5*v + 10 = -p*v. What are the prime factors of v?
5
Let x(m) = m**2 - 7*m + 6. Let n be x(5). Let s be (-1 + 1)/(4/n). Suppose s = -8*g + 5*g + 21. What are the prime factors of g?
7
Let l(h) = h**2 - 14*h + 7. Let v be l(8). Let a = 23 + v. Let o = a - -29. List the prime factors of o.
11
Suppose -3*k + 160 = k. Suppose k - 10 = 5*w. What are the prime factors of w?
2, 3
Suppose 0 = -4*m - 4*s + 960, 5*s + 4 - 9 = 0. What are the prime factors of m?
239
Suppose -5*u = 29 + 1. Let i = u + 9. List the prime factors of i.
3
Let y = 326 + -229. What are the prime factors of y?
97
Suppose i + 5*v = 0, -v = 3*i - 2*v. Suppose i*u + 3 = u. Suppose x - u*x + 12 = 0. What are the prime factors of x?
2, 3
Let s(k) be the first derivative of 11*k + 1 + 1/2*k**2. What are the prime factors of s(-8)?
3
Let f(u) = -u**2 + 3*u + 36. What are the prime factors of f(0)?
2, 3
Suppose -3*a = 2*a + 360. What are the prime factors of -3 - (-1)/((-3)/a)?
3, 7
Let w(a) = -a**2 + 7*a + 1. Let q(g) = g - 1. Let p(r) = 3*q(r) - w(r). Let x be p(6). Suppose y - x + 0 = 0. What are the prime factors of y?
2
Let n(z) = -83*z + 33. List the prime factors of n(-3).
2, 3, 47
Let d(y) = y + 1. Let i be d(4). Suppose i*h = -5*l + 50, 0 = -2*h + 4*h - 2*l - 8. List the prime factors of h.
7
List the prime factors of 11/((-1)/(-4)*4).
11
Let n(r) = 79*r. Let p be n(1). Let t = -55 + p. What are the prime factors of t?
2, 3
Let v = -19 - -25. List the prime factors of v.
2, 3
Let x = -259 + 539. Suppose -x = 3*l + l. What are the prime factors of l/(-6) + 2/(-3)?
11
Suppose -5*n - 20 + 0 = 0, -3*q + 3*n + 18 = 0. Suppose 3 = -q*h + 11. List the prime factors of h.
2
Let s be 68/7 - (-6)/21. Suppose -5*p + 0*q + 2*q = -s, -q = -p + 2. What are the prime factors of p?
2
Suppose -2*q - 64 = -0*q. Let z be (1 - -1) + q + 3. List the prime factors of (z/(-12))/1*4.
3
Let i = 4 + 0. Suppose -7 = -5*a + 5*p + 13, -2*a - i*p = -2. Let b(l) = -l**3 + 5*l**2 - 4*l. List the prime factors of b(a).
2, 3
Suppose 8*v - 4*v + 12 = 0. Let u(a) = 6*a**2 + 3*a - 2. Let j(f) = -f**2 - f. Let o(x) = 5*j(x) + u(x). What are the prime factors of o(v)?
13
Let w be 1/(-3) - (-400)/12. Suppose 4*j - w = 39. What are the prime factors of j?
2, 3
Let t(j) = -j**2 - 1. Let v(g) = 7*g**2 + 5*g + 4. Let d(h) = 6*t(h) + v(h). List the prime factors of d(-6).
2
Let f(g) = -g**3 - 9*g**2 + 7*g + 11. Let l be 155/(-15) - 1/(-3). What are the prime factors of f(l)?
41
Let x = -2 + 9. Let n(i) = 14 - x + 2*i - 3*i. What are the prime factors of n(0)?
7
Suppose 0 = 2*l + 2*i - 36, -8 = -2*i + 2. Suppose 14 = 2*a + 2*z, 3*z + 8 + l = 4*a. List the prime factors of 2/(-6) - (-20)/a.
3
Suppose 5*l = -d + 6*d + 485, -2*l = 3*d - 179. What are the prime factors of l?
2, 47
Suppose 1123 = 5*v + 4*m - 7*m, 0 = 5*m - 20. What are the prime factors of v?
227
Let d be (75 - 0)*1/3. Suppose 4*y - 2*v = 10, -y - 2*v - 2*v + d = 0. Suppose 5*j - y*u - 35 = 0, 5*j = 6*u - 2*u + 33. What are the prime factors of j?
5
List the prime factors of 2 + 11/(-5) + 5083/65.
2, 3, 13
Let b(v) = 2*v**2 + 8*v + 4. What are the prime factors of b(-5)?
2, 7
Let q = -12 + 2. Let d = 14 + q. Suppose 65 = d*l + l. List the prime factors of l.
13
Let r be 11 - 2/((-6)/(-9)). Let a = 3 + r. List the prime factors of a.
11
Suppose -5*q = -2*i - 28, 0*i - 7 = -q - i. Let l = 8 - q. List the prime factors of l.
2
Let h be 12/15*15/6. Let r(a) = -a**3 + 4*a**2 - 4*a + 3. List the prime factors of r(h).
3
Suppose 3*w + 17 = -1. Suppose z = v - 3 - 15, 4*v + 2*z = 66. Let g = w + v. List the prime factors of g.
11
Let h(z) = z**2 + 2*z + 13. What are the prime factors of h(8)?
3, 31
Suppose -2*d = d. Let v = d - -2. Suppose 0 = 3*k + v*l - 39, -2*k + l + 28 - 9 = 0. What are the prime factors of k?
11
Let k = 52 + -49. Let z(b) = 2*b**3 + b**2 - b. Let u be z(1). Suppose 36 = u*o - 2*p, -k*p - 39 = -2*o - 0*p. What are the prime factors of o?
3, 5
Let y be (-28)/10*(-11 - 4). List the prime factors of ((-324)/63)/((-4)/y).
2, 3
Let o(v) = 2*v**3 - 3*v**2 - 2*v + 3. Let n be o(3). Let i be 8/12*(9 + -3). Suppose 2 - 14 = i*f, 0 = p - 3*f - n. List the prime factors of p.
3, 5
Let d(a) = 11*a + 3*a - 3*a - a. Let r be d(3). Suppose r = -3*o + 5*o. List the prime factors of o.
3, 5
Let d(w) = 2*w - 4. Suppose 0 = 3*o, 0 = 4*f + o + 4*o - 44. List the prime factors of d(f).
2, 3
Let g = 2 + -6. Let t be g - -1 - (-6 + 6). Let u(n) = n + 7. What are the prime factors of u(t)?
2
Suppose -4*j = -j. Suppose -u = 0, w + 4*u + 0 - 5 = j. What are the prime factors of w?
5
Let c = 4 + 6. Suppose -a - c = -6*a. Suppose -p - 7 = -3*r, -a*p - 2*p = 4*r - 20. What are the prime factors of r?
3
Suppose 15 = i + 4*g, -2*i - 3*g = g - 50. List the prime factors of i.
5, 7
Let r(x) = -x**3 + x**2 + 3*x - 2. Let o be r(2). Suppose -u + 4 + 1 = o. Suppose -u*b + 4*b = -4. List the prime factors of b.
2
Suppose 0 = -7*g + 883 + 69. What are the prime factors of g?
2, 17
Let g(w) = w**3 + 12*w**2 - 17*w + 9. What are the prime factors of g(-12)?
3, 71
Suppose -4*o + 3*k + 96 = 0, 3*o + 0*k - 75 = 3*k. What are the prime factors of o?
3, 7
Let d = 260 + -112. What are the prime factors of d?
2, 37
Let u = 82 + 2. What are the prime factors of u?
2, 3, 7
Let r = -2 + -7. Let s = 28 + r. List the prime factors of s.
19
Suppose 5*a + b + 2*b = 84, -4*a + 72 = 4*b. Let u be 2/(-6) + 29/(-3). Let g = a + u. What are the prime factors of g?
5
Suppose -4*b + 716 + 40 = 0. List the prime factors of b.
3, 7
Let o(r) = 12*r**2 + 1. List the prime factors of o(3).
109
Let t(a) = 10*a**2 + a - 1. Let c = 1 - 2. Let s = 0 - c. List the prime factors of t(s).
2, 5
Let m(a) = 2*a**2 + 4*a**2 + 0*a**2 + 1 + 6*a**2. What are the prime factors of m(1)?
13
Let v(g) = 3*g - 2. List the prime factors of v(3).
7
What are the prime factors of 12/(((-18)/28)/(-3))?
2, 7
Let i = -90 - -151. Let z = i + -23. What are the prime factors of z?
2, 19
Suppose 5*g = 5*t - 10, -2*t - 3*t + 16 = -3*g. What are the prime factors of t?
5
List the prime factors of ((-10)/6 - 0)*-48.
2, 5
Suppose 0*h - 11 = h + 5*f, 4*h + f = 13. Suppose -2*r = j + h*j - 104, -2*j + 2*r = -50. What are the prime factors of j?
2, 11
Suppose s + 4 - 45 = 0. List the prime factors of s.
41
Let t = -179 + 301. List the prime factors of t.
2, 61
Suppose 22 = -4*n + 62. List the prime factors of n.
2, 5
Let n(v) = -9*v + 1. Let l be n(1). Let x = l + 25. Suppose x - 4 = p. List the prime factors of p.
13
Let y = 0 - -30. What are the prime factors of y?
2, 3, 5
Suppose 7*c = -g + 2*c - 7, -2*g - 3*c - 21 = 0. Let n = g - -22. List the prime factors of n.
2, 5
Let z = -4 + 6. Suppose -5*k + 2 = -8, 0 = 3*f - z*k - 26. What are